{"id":1491,"date":"2023-07-31T14:46:55","date_gmt":"2023-07-31T12:46:55","guid":{"rendered":"https:\/\/socleatelier.fr\/?page_id=1491"},"modified":"2026-02-06T19:19:08","modified_gmt":"2026-02-06T18:19:08","slug":"atelier-socle-architecte-nantes","status":"publish","type":"page","link":"https:\/\/socleatelier.fr\/?page_id=1491","title":{"rendered":"Atelier"},"content":{"rendered":"<div class=\"wpb-content-wrapper\">[vc_row][vc_column][vc_empty_space][vc_empty_space][vc_column_text]\n<p style=\"text-align: left;\"><strong>enchant\u00e9s, <\/strong><\/p>\n<p><strong>socle est un atelier d\u2019architecture, d\u2019urbanisme et de r\u00e9flexion<\/strong> fond\u00e9 en 2021 par No\u00e9mie Corbel, Adrien Ory et Estelle Sauva\u00eetre, <strong>qui travaille \u00e0 la valorisation de l\u2019existant et des savoir-faire locaux<\/strong> en d\u00e9fendant une pratique transversale entre urbanisme, architecture et p\u00e9dagogie.<strong> socle<\/strong> s\u2019att\u00e8le tout particuli\u00e8rement \u00e0 la r\u00e9habilitation du patrimoine dit ordinaire, dans une logique \u00e9conomique, \u00e9cologique et sociale.<\/p>\n<p>Persuad\u00e9s que les espaces d\u00e9j\u00e0 construits seront le support de l\u2019habiter de demain, nous accordons une forte importance a\u0300 <strong><em>l\u2019existant <\/em><\/strong>et ses particularit\u00e9s dont il s\u2019agit de prendre soin. La plupart de nos projets sont situ\u00e9s dans des <strong>espaces ruraux et petites villes<\/strong>, que nous accompagnons dans l\u2019objectif de <strong>valoriser leurs qualit\u00e9s b\u00e2ties, paysag\u00e8res et sociales<\/strong>. Nous d\u00e9veloppons une expertise a\u0300 toutes les \u00e9tapes de la production des lieux habit\u00e9s : <strong>de la programmation a\u0300 la mise en \u0153uvre en passant par la concertation<\/strong>. Notre pratique, incluant une dimension participative, nous conduit a\u0300 <strong>valoriser les exp\u00e9riences quotidiennes des habitants<\/strong> pour r\u00e9v\u00e9ler un territoire, une architecture, des imaginaires.<\/p>\n<p><strong>socle<\/strong> travaille avec des collectivit\u00e9s, des particuliers et des associations, sur des projets urbains et architecturaux\u00a0:<br \/>\n&#8211; plan-guide et \u00e9tudes pr\u00e9-op\u00e9rationnelles,<br \/>\n&#8211; ma\u00eetrise d\u2019\u0153uvre biosourc\u00e9e publique et priv\u00e9e<br \/>\n&#8211; r\u00e9sidence, concertation, programmation,<br \/>\n&#8211; programmes de recherche-action, enseignement, conf\u00e9rences, m\u00e9diation\u2026[\/vc_column_text][vc_empty_space][\/vc_column][\/vc_row][vc_row][vc_column width=\u00a0\u00bb1\/3&Prime; el_class=\u00a0\u00bbphoto-staff\u00a0\u00bb]\t<div id=\"thb-image-69e8e19d39440\" class=\"caption-style1  alignleft   thb_image_link wp-caption \">\n\t  \t\t\t<div class=\"thb-image-inner size_100\">\n\t\t\t\t<img loading=\"lazy\" decoding=\"async\" width=\"2080\" height=\"880\" src=\"data:image\/gif;base64,R0lGODlhAQABAAAAACH5BAEKAAEALAAAAAABAAEAAAICTAEAOw==\" class=\"thb_image   attachment-full thb-lazyload lazyload\" alt=\"\" title=\"JAPL2025_Logo\" sizes=\"auto, (max-width: 2080px) 100vw, 2080px\" data-src=\"https:\/\/socleatelier.fr\/wp-content\/uploads\/2025\/09\/JAPL2025_Logo.png\" data-sizes=\"auto\" data-srcset=\"https:\/\/socleatelier.fr\/wp-content\/uploads\/2025\/09\/JAPL2025_Logo.png 2080w, https:\/\/socleatelier.fr\/wp-content\/uploads\/2025\/09\/JAPL2025_Logo-300x127.png 300w, https:\/\/socleatelier.fr\/wp-content\/uploads\/2025\/09\/JAPL2025_Logo-768x325.png 768w, https:\/\/socleatelier.fr\/wp-content\/uploads\/2025\/09\/JAPL2025_Logo-1536x650.png 1536w, https:\/\/socleatelier.fr\/wp-content\/uploads\/2025\/09\/JAPL2025_Logo-2048x866.png 2048w, https:\/\/socleatelier.fr\/wp-content\/uploads\/2025\/09\/JAPL2025_Logo-150x63.png 150w, https:\/\/socleatelier.fr\/wp-content\/uploads\/2025\/09\/JAPL2025_Logo-600x254.png 600w, https:\/\/socleatelier.fr\/wp-content\/uploads\/2025\/09\/JAPL2025_Logo-900x381.png 900w, https:\/\/socleatelier.fr\/wp-content\/uploads\/2025\/09\/JAPL2025_Logo-20x9.png 20w\" \/>\t\t\t\t\t\t\t<\/div>\n\t\t\t\t\t\t\t\t\t<\/div>\n\t[vc_empty_space height=\u00a0\u00bb12px\u00a0\u00bb][vc_column_text css=\u00a0\u00bb\u00a0\u00bb]\n<p style=\"text-align: left;\">socle est laur\u00e9at du Palmar\u00e8s des Jeunes Architectes et Paysagistes Lig\u00e9riens 2025<\/p>\n[\/vc_column_text][vc_empty_space][vc_empty_space][\/vc_column][\/vc_row][vc_row][vc_column width=\u00a0\u00bb1\/3&Prime; el_class=\u00a0\u00bbphoto-staff\u00a0\u00bb]\t<div id=\"thb-image-69e8e19d39cc2\" class=\"caption-style1  alignleft   thb_image_link wp-caption \">\n\t  \t\t\t<div class=\"thb-image-inner size_100\">\n\t\t\t\t<img loading=\"lazy\" decoding=\"async\" width=\"1155\" height=\"1559\" src=\"data:image\/gif;base64,R0lGODlhAQABAAAAACH5BAEKAAEALAAAAAABAAEAAAICTAEAOw==\" class=\"thb_image   attachment-full thb-lazyload lazyload\" alt=\"\" title=\"socle_noemie_corbel\" sizes=\"auto, (max-width: 1155px) 100vw, 1155px\" data-src=\"https:\/\/socleatelier.fr\/wp-content\/uploads\/2023\/07\/socle_noemie_corbel.jpg\" data-sizes=\"auto\" data-srcset=\"https:\/\/socleatelier.fr\/wp-content\/uploads\/2023\/07\/socle_noemie_corbel.jpg 1155w, https:\/\/socleatelier.fr\/wp-content\/uploads\/2023\/07\/socle_noemie_corbel-600x810.jpg 600w, https:\/\/socleatelier.fr\/wp-content\/uploads\/2023\/07\/socle_noemie_corbel-222x300.jpg 222w, https:\/\/socleatelier.fr\/wp-content\/uploads\/2023\/07\/socle_noemie_corbel-768x1037.jpg 768w, https:\/\/socleatelier.fr\/wp-content\/uploads\/2023\/07\/socle_noemie_corbel-1138x1536.jpg 1138w, https:\/\/socleatelier.fr\/wp-content\/uploads\/2023\/07\/socle_noemie_corbel-300x405.jpg 300w, https:\/\/socleatelier.fr\/wp-content\/uploads\/2023\/07\/socle_noemie_corbel-150x202.jpg 150w, https:\/\/socleatelier.fr\/wp-content\/uploads\/2023\/07\/socle_noemie_corbel-900x1215.jpg 900w, https:\/\/socleatelier.fr\/wp-content\/uploads\/2023\/07\/socle_noemie_corbel-20x27.jpg 20w\" \/>\t\t\t\t\t\t\t<\/div>\n\t\t\t\t\t\t\t\t\t<\/div>\n\t[vc_empty_space height=\u00a0\u00bb12px\u00a0\u00bb][vc_column_text css=\u00a0\u00bb\u00a0\u00bb]\n<p style=\"text-align: center;\"><strong>No\u00e9mie CORBEL<br \/>\n<\/strong>Architecte HMONP<\/p>\n[\/vc_column_text][\/vc_column][vc_column width=\u00a0\u00bb1\/3&Prime; el_class=\u00a0\u00bbphoto-staff\u00a0\u00bb]\t<div id=\"thb-image-69e8e19d3a4b2\" class=\"caption-style1  alignleft   thb_image_link wp-caption \">\n\t  \t\t\t<div class=\"thb-image-inner size_100\">\n\t\t\t\t<img loading=\"lazy\" decoding=\"async\" width=\"1155\" height=\"1559\" src=\"data:image\/gif;base64,R0lGODlhAQABAAAAACH5BAEKAAEALAAAAAABAAEAAAICTAEAOw==\" class=\"thb_image   attachment-full thb-lazyload lazyload\" alt=\"\" title=\"socle_adrien_ory\" sizes=\"auto, (max-width: 1155px) 100vw, 1155px\" data-src=\"https:\/\/socleatelier.fr\/wp-content\/uploads\/2023\/07\/socle_adrien_ory.jpg\" data-sizes=\"auto\" data-srcset=\"https:\/\/socleatelier.fr\/wp-content\/uploads\/2023\/07\/socle_adrien_ory.jpg 1155w, https:\/\/socleatelier.fr\/wp-content\/uploads\/2023\/07\/socle_adrien_ory-600x810.jpg 600w, https:\/\/socleatelier.fr\/wp-content\/uploads\/2023\/07\/socle_adrien_ory-222x300.jpg 222w, https:\/\/socleatelier.fr\/wp-content\/uploads\/2023\/07\/socle_adrien_ory-768x1037.jpg 768w, https:\/\/socleatelier.fr\/wp-content\/uploads\/2023\/07\/socle_adrien_ory-1138x1536.jpg 1138w, https:\/\/socleatelier.fr\/wp-content\/uploads\/2023\/07\/socle_adrien_ory-300x405.jpg 300w, https:\/\/socleatelier.fr\/wp-content\/uploads\/2023\/07\/socle_adrien_ory-150x202.jpg 150w, https:\/\/socleatelier.fr\/wp-content\/uploads\/2023\/07\/socle_adrien_ory-900x1215.jpg 900w, https:\/\/socleatelier.fr\/wp-content\/uploads\/2023\/07\/socle_adrien_ory-20x27.jpg 20w\" \/>\t\t\t\t\t\t\t<\/div>\n\t\t\t\t\t\t\t\t\t<\/div>\n\t[vc_empty_space height=\u00a0\u00bb12px\u00a0\u00bb][vc_column_text]\n<p style=\"text-align: center;\"><strong>Adrien ORY<br \/>\n<\/strong>Architecte HMONP<\/p>\n[\/vc_column_text][\/vc_column][vc_column width=\u00a0\u00bb1\/3&Prime; el_class=\u00a0\u00bbphoto-staff\u00a0\u00bb]\t<div id=\"thb-image-69e8e19d3aca0\" class=\"caption-style1  alignleft   thb_image_link wp-caption \">\n\t  \t\t\t<div class=\"thb-image-inner size_100\">\n\t\t\t\t<img loading=\"lazy\" decoding=\"async\" width=\"1155\" height=\"1559\" src=\"data:image\/gif;base64,R0lGODlhAQABAAAAACH5BAEKAAEALAAAAAABAAEAAAICTAEAOw==\" class=\"thb_image   attachment-full thb-lazyload lazyload\" alt=\"\" title=\"socle_estelle_sauvaitre\" sizes=\"auto, (max-width: 1155px) 100vw, 1155px\" data-src=\"https:\/\/socleatelier.fr\/wp-content\/uploads\/2023\/07\/socle_estelle_sauvaitre.jpg\" data-sizes=\"auto\" data-srcset=\"https:\/\/socleatelier.fr\/wp-content\/uploads\/2023\/07\/socle_estelle_sauvaitre.jpg 1155w, https:\/\/socleatelier.fr\/wp-content\/uploads\/2023\/07\/socle_estelle_sauvaitre-600x810.jpg 600w, https:\/\/socleatelier.fr\/wp-content\/uploads\/2023\/07\/socle_estelle_sauvaitre-222x300.jpg 222w, https:\/\/socleatelier.fr\/wp-content\/uploads\/2023\/07\/socle_estelle_sauvaitre-768x1037.jpg 768w, https:\/\/socleatelier.fr\/wp-content\/uploads\/2023\/07\/socle_estelle_sauvaitre-1138x1536.jpg 1138w, https:\/\/socleatelier.fr\/wp-content\/uploads\/2023\/07\/socle_estelle_sauvaitre-300x405.jpg 300w, https:\/\/socleatelier.fr\/wp-content\/uploads\/2023\/07\/socle_estelle_sauvaitre-150x202.jpg 150w, https:\/\/socleatelier.fr\/wp-content\/uploads\/2023\/07\/socle_estelle_sauvaitre-900x1215.jpg 900w, https:\/\/socleatelier.fr\/wp-content\/uploads\/2023\/07\/socle_estelle_sauvaitre-20x27.jpg 20w\" \/>\t\t\t\t\t\t\t<\/div>\n\t\t\t\t\t\t\t\t\t<\/div>\n\t[vc_empty_space height=\u00a0\u00bb12px\u00a0\u00bb][vc_column_text css=\u00a0\u00bb\u00a0\u00bb]\n<p style=\"text-align: center;\"><strong>Estelle SAUVA\u00ceTRE<br \/>\n<\/strong>Architecte HMONP<\/p>\n[\/vc_column_text][\/vc_column][\/vc_row][vc_row][vc_column][vc_empty_space height=\u00a0\u00bb128px\u00a0\u00bb][\/vc_column][\/vc_row][vc_row][vc_column][vc_column_text css=\u00a0\u00bb\u00a0\u00bb]Formations r\u00e9centes :<br \/>\n&#8211; Pr\u00e9servation du b\u00e2ti ancien et performances \u00e9nerg\u00e9tiques &#8211; Tiez Breiz<br \/>\n&#8211; Construire en pierres &#8211; Tiez Breiz<br \/>\n&#8211; HMONP <em>Composer avec l&rsquo;incertain, architectures de l&rsquo;existant et pratiques plurielles au service de la r\u00e9habilitation<\/em> &#8211; ENSA Nantes<br \/>\n&#8211; DPEA recherche en architecture, <em>Les communes rurales jouent dans la cour des grands, exploration(s) d&rsquo;une commune nouvelle dans les Mauges<\/em> &#8211; Laboratoire Architecture et Anthropologie de Paris La Villette<br \/>\n&#8211; Concevoir une r\u00e9habilitation \u00e9nerg\u00e9tique responsable du bati ancien &#8211; Cerema<br \/>\n&#8211; RE2020 : Pr\u00e9parez-vous \u00e0 la nouvelle r\u00e9glementation environnementale &#8211; CSTB<br \/>\n&#8211; Le r\u00e9emploi : Mati\u00e8res \u00e0 b\u00e2tir &#8211; ICEB<br \/>\n&#8211; Construire en terre crue aujourd&rsquo;hui &#8211; am\u00e0co<br \/>\n&#8211; Construire le changement Naturellement &#8211; Accort Paille<br \/>\n&#8211; Construction chanvre &#8211; Ecole Nationale du Chanvre<br \/>\n&#8211; D\u00e9couvrir le b\u00e2timent biosourc\u00e9 &#8211; Karibati et Ville et Am\u00e9nagement Durable<br \/>\n&#8211; Construire en fibres v\u00e9g\u00e9tales aujourd&rsquo;hui &#8211; am\u00e0co<br \/>\n&#8211; Amiante : sensibilisation et pr\u00e9vention &#8211; CSTB[\/vc_column_text][\/vc_column][\/vc_row]\n<\/div>","protected":false},"excerpt":{"rendered":"<p>[vc_row][vc_column][vc_empty_space][vc_empty_space][vc_column_text] enchant\u00e9s, socle est un atelier d\u2019architecture, d\u2019urbanisme et de r\u00e9flexion fond\u00e9 en 2021 par No\u00e9mie Corbel, Adrien Ory et Estelle Sauva\u00eetre, qui travaille \u00e0 la valorisation de l\u2019existant et des savoir-faire locaux en d\u00e9fendant une pratique transversale entre urbanisme, architecture et p\u00e9dagogie. socle s\u2019att\u00e8le tout particuli\u00e8rement \u00e0 la r\u00e9habilitation du patrimoine dit ordinaire, dans&hellip;<\/p>\n","protected":false},"author":1,"featured_media":0,"parent":0,"menu_order":0,"comment_status":"closed","ping_status":"closed","template":"","meta":{"footnotes":""},"class_list":["post-1491","page","type-page","status-publish","hentry"],"yoast_head":"<!-- This site is optimized with the Yoast SEO plugin v22.1 - https:\/\/yoast.com\/wordpress\/plugins\/seo\/ -->\n<title>Atelier - Socle Atelier<\/title>\n<meta name=\"description\" content=\"socle est un atelier d\u2019architecture, d\u2019urbanisme et de r\u00e9flexion fond\u00e9 par trois architectes et urbanistes dipl\u00f4m\u00e9s de l&#039;\u00e9cole de Nantes, qui travaillent \u00e0 la valorisation de l\u2019existant et des savoir-faire locaux en d\u00e9fendant une pratique transversale entre urbanisme, architecture et p\u00e9dagogie. socle travaille avec des collectivit\u00e9s, des particuliers et des associations, sur des projets urbains et architecturaux : plan-guide et \u00e9tudes pr\u00e9-op\u00e9rationnelles, ma\u00eetrise d\u2019\u0153uvre sp\u00e9cialis\u00e9e en biosourc\u00e9e avec des maitrises d&#039;ouvrages publiques et priv\u00e9es, r\u00e9sidence d&#039;architecture, concertation, programmation, programmes de recherche-action, enseignement, conf\u00e9rences, m\u00e9diation. socle s\u2019att\u00e8le tout particuli\u00e8rement \u00e0 la r\u00e9habilitation du patrimoine dit ordinaire, dans une logique \u00e9conomique, \u00e9cologique et sociale.\" \/>\n<meta name=\"robots\" content=\"index, follow, max-snippet:-1, max-image-preview:large, max-video-preview:-1\" \/>\n<link rel=\"canonical\" href=\"https:\/\/socleatelier.fr\/?page_id=1491\" \/>\n<meta property=\"og:locale\" content=\"fr_FR\" \/>\n<meta property=\"og:type\" content=\"article\" \/>\n<meta property=\"og:title\" content=\"Atelier - Socle Atelier\" \/>\n<meta property=\"og:description\" content=\"socle est un atelier d\u2019architecture, d\u2019urbanisme et de r\u00e9flexion fond\u00e9 par trois architectes et urbanistes dipl\u00f4m\u00e9s de l&#039;\u00e9cole de Nantes, qui travaillent \u00e0 la valorisation de l\u2019existant et des savoir-faire locaux en d\u00e9fendant une pratique transversale entre urbanisme, architecture et p\u00e9dagogie. socle travaille avec des collectivit\u00e9s, des particuliers et des associations, sur des projets urbains et architecturaux : plan-guide et \u00e9tudes pr\u00e9-op\u00e9rationnelles, ma\u00eetrise d\u2019\u0153uvre sp\u00e9cialis\u00e9e en biosourc\u00e9e avec des maitrises d&#039;ouvrages publiques et priv\u00e9es, r\u00e9sidence d&#039;architecture, concertation, programmation, programmes de recherche-action, enseignement, conf\u00e9rences, m\u00e9diation. socle s\u2019att\u00e8le tout particuli\u00e8rement \u00e0 la r\u00e9habilitation du patrimoine dit ordinaire, dans une logique \u00e9conomique, \u00e9cologique et sociale.\" \/>\n<meta property=\"og:url\" content=\"https:\/\/socleatelier.fr\/?page_id=1491\" \/>\n<meta property=\"og:site_name\" content=\"Socle Atelier\" \/>\n<meta property=\"article:modified_time\" content=\"2026-02-06T18:19:08+00:00\" \/>\n<meta name=\"twitter:card\" content=\"summary_large_image\" \/>\n<meta name=\"twitter:label1\" content=\"Dur\u00e9e de lecture estim\u00e9e\" \/>\n\t<meta name=\"twitter:data1\" content=\"3 minutes\" \/>\n<script type=\"application\/ld+json\" class=\"yoast-schema-graph\">{\"@context\":\"https:\/\/schema.org\",\"@graph\":[{\"@type\":\"WebPage\",\"@id\":\"https:\/\/socleatelier.fr\/?page_id=1491\",\"url\":\"https:\/\/socleatelier.fr\/?page_id=1491\",\"name\":\"Atelier - Socle Atelier\",\"isPartOf\":{\"@id\":\"https:\/\/socleatelier.fr\/#website\"},\"datePublished\":\"2023-07-31T12:46:55+00:00\",\"dateModified\":\"2026-02-06T18:19:08+00:00\",\"description\":\"socle est un atelier d\u2019architecture, d\u2019urbanisme et de r\u00e9flexion fond\u00e9 par trois architectes et urbanistes dipl\u00f4m\u00e9s de l'\u00e9cole de Nantes, qui travaillent \u00e0 la valorisation de l\u2019existant et des savoir-faire locaux en d\u00e9fendant une pratique transversale entre urbanisme, architecture et p\u00e9dagogie. socle travaille avec des collectivit\u00e9s, des particuliers et des associations, sur des projets urbains et architecturaux : plan-guide et \u00e9tudes pr\u00e9-op\u00e9rationnelles, ma\u00eetrise d\u2019\u0153uvre sp\u00e9cialis\u00e9e en biosourc\u00e9e avec des maitrises d'ouvrages publiques et priv\u00e9es, r\u00e9sidence d'architecture, concertation, programmation, programmes de recherche-action, enseignement, conf\u00e9rences, m\u00e9diation. socle s\u2019att\u00e8le tout particuli\u00e8rement \u00e0 la r\u00e9habilitation du patrimoine dit ordinaire, dans une logique \u00e9conomique, \u00e9cologique et sociale.\",\"breadcrumb\":{\"@id\":\"https:\/\/socleatelier.fr\/?page_id=1491#breadcrumb\"},\"inLanguage\":\"fr-FR\",\"potentialAction\":[{\"@type\":\"ReadAction\",\"target\":[\"https:\/\/socleatelier.fr\/?page_id=1491\"]}]},{\"@type\":\"BreadcrumbList\",\"@id\":\"https:\/\/socleatelier.fr\/?page_id=1491#breadcrumb\",\"itemListElement\":[{\"@type\":\"ListItem\",\"position\":1,\"name\":\"Accueil\",\"item\":\"https:\/\/socleatelier.fr\/\"},{\"@type\":\"ListItem\",\"position\":2,\"name\":\"Atelier\"}]},{\"@type\":\"WebSite\",\"@id\":\"https:\/\/socleatelier.fr\/#website\",\"url\":\"https:\/\/socleatelier.fr\/\",\"name\":\"Socle Atelier\",\"description\":\"\",\"publisher\":{\"@id\":\"https:\/\/socleatelier.fr\/#organization\"},\"potentialAction\":[{\"@type\":\"SearchAction\",\"target\":{\"@type\":\"EntryPoint\",\"urlTemplate\":\"https:\/\/socleatelier.fr\/?s={search_term_string}\"},\"query-input\":\"required name=search_term_string\"}],\"inLanguage\":\"fr-FR\"},{\"@type\":\"Organization\",\"@id\":\"https:\/\/socleatelier.fr\/#organization\",\"name\":\"Socle Atelier\",\"url\":\"https:\/\/socleatelier.fr\/\",\"logo\":{\"@type\":\"ImageObject\",\"inLanguage\":\"fr-FR\",\"@id\":\"https:\/\/socleatelier.fr\/#\/schema\/logo\/image\/\",\"url\":\"https:\/\/socleatelier.fr\/wp-content\/uploads\/2023\/07\/logo-rond-nb.png\",\"contentUrl\":\"https:\/\/socleatelier.fr\/wp-content\/uploads\/2023\/07\/logo-rond-nb.png\",\"width\":386,\"height\":386,\"caption\":\"Socle Atelier\"},\"image\":{\"@id\":\"https:\/\/socleatelier.fr\/#\/schema\/logo\/image\/\"},\"sameAs\":[\"https:\/\/www.instagram.com\/socleatelier\/\",\"https:\/\/www.linkedin.com\/company\/103561550\/admin\/feed\/posts\/\"]}]}<\/script>\n<!-- \/ Yoast SEO plugin. -->","yoast_head_json":{"title":"Atelier - Socle Atelier","description":"socle est un atelier d\u2019architecture, d\u2019urbanisme et de r\u00e9flexion fond\u00e9 par trois architectes et urbanistes dipl\u00f4m\u00e9s de l'\u00e9cole de Nantes, qui travaillent \u00e0 la valorisation de l\u2019existant et des savoir-faire locaux en d\u00e9fendant une pratique transversale entre urbanisme, architecture et p\u00e9dagogie. socle travaille avec des collectivit\u00e9s, des particuliers et des associations, sur des projets urbains et architecturaux : plan-guide et \u00e9tudes pr\u00e9-op\u00e9rationnelles, ma\u00eetrise d\u2019\u0153uvre sp\u00e9cialis\u00e9e en biosourc\u00e9e avec des maitrises d'ouvrages publiques et priv\u00e9es, r\u00e9sidence d'architecture, concertation, programmation, programmes de recherche-action, enseignement, conf\u00e9rences, m\u00e9diation. socle s\u2019att\u00e8le tout particuli\u00e8rement \u00e0 la r\u00e9habilitation du patrimoine dit ordinaire, dans une logique \u00e9conomique, \u00e9cologique et sociale.","robots":{"index":"index","follow":"follow","max-snippet":"max-snippet:-1","max-image-preview":"max-image-preview:large","max-video-preview":"max-video-preview:-1"},"canonical":"https:\/\/socleatelier.fr\/?page_id=1491","og_locale":"fr_FR","og_type":"article","og_title":"Atelier - Socle Atelier","og_description":"socle est un atelier d\u2019architecture, d\u2019urbanisme et de r\u00e9flexion fond\u00e9 par trois architectes et urbanistes dipl\u00f4m\u00e9s de l'\u00e9cole de Nantes, qui travaillent \u00e0 la valorisation de l\u2019existant et des savoir-faire locaux en d\u00e9fendant une pratique transversale entre urbanisme, architecture et p\u00e9dagogie. socle travaille avec des collectivit\u00e9s, des particuliers et des associations, sur des projets urbains et architecturaux : plan-guide et \u00e9tudes pr\u00e9-op\u00e9rationnelles, ma\u00eetrise d\u2019\u0153uvre sp\u00e9cialis\u00e9e en biosourc\u00e9e avec des maitrises d'ouvrages publiques et priv\u00e9es, r\u00e9sidence d'architecture, concertation, programmation, programmes de recherche-action, enseignement, conf\u00e9rences, m\u00e9diation. socle s\u2019att\u00e8le tout particuli\u00e8rement \u00e0 la r\u00e9habilitation du patrimoine dit ordinaire, dans une logique \u00e9conomique, \u00e9cologique et sociale.","og_url":"https:\/\/socleatelier.fr\/?page_id=1491","og_site_name":"Socle Atelier","article_modified_time":"2026-02-06T18:19:08+00:00","twitter_card":"summary_large_image","twitter_misc":{"Dur\u00e9e de lecture estim\u00e9e":"3 minutes"},"schema":{"@context":"https:\/\/schema.org","@graph":[{"@type":"WebPage","@id":"https:\/\/socleatelier.fr\/?page_id=1491","url":"https:\/\/socleatelier.fr\/?page_id=1491","name":"Atelier - Socle Atelier","isPartOf":{"@id":"https:\/\/socleatelier.fr\/#website"},"datePublished":"2023-07-31T12:46:55+00:00","dateModified":"2026-02-06T18:19:08+00:00","description":"socle est un atelier d\u2019architecture, d\u2019urbanisme et de r\u00e9flexion fond\u00e9 par trois architectes et urbanistes dipl\u00f4m\u00e9s de l'\u00e9cole de Nantes, qui travaillent \u00e0 la valorisation de l\u2019existant et des savoir-faire locaux en d\u00e9fendant une pratique transversale entre urbanisme, architecture et p\u00e9dagogie. socle travaille avec des collectivit\u00e9s, des particuliers et des associations, sur des projets urbains et architecturaux : plan-guide et \u00e9tudes pr\u00e9-op\u00e9rationnelles, ma\u00eetrise d\u2019\u0153uvre sp\u00e9cialis\u00e9e en biosourc\u00e9e avec des maitrises d'ouvrages publiques et priv\u00e9es, r\u00e9sidence d'architecture, concertation, programmation, programmes de recherche-action, enseignement, conf\u00e9rences, m\u00e9diation. socle s\u2019att\u00e8le tout particuli\u00e8rement \u00e0 la r\u00e9habilitation du patrimoine dit ordinaire, dans une logique \u00e9conomique, \u00e9cologique et sociale.","breadcrumb":{"@id":"https:\/\/socleatelier.fr\/?page_id=1491#breadcrumb"},"inLanguage":"fr-FR","potentialAction":[{"@type":"ReadAction","target":["https:\/\/socleatelier.fr\/?page_id=1491"]}]},{"@type":"BreadcrumbList","@id":"https:\/\/socleatelier.fr\/?page_id=1491#breadcrumb","itemListElement":[{"@type":"ListItem","position":1,"name":"Accueil","item":"https:\/\/socleatelier.fr\/"},{"@type":"ListItem","position":2,"name":"Atelier"}]},{"@type":"WebSite","@id":"https:\/\/socleatelier.fr\/#website","url":"https:\/\/socleatelier.fr\/","name":"Socle Atelier","description":"","publisher":{"@id":"https:\/\/socleatelier.fr\/#organization"},"potentialAction":[{"@type":"SearchAction","target":{"@type":"EntryPoint","urlTemplate":"https:\/\/socleatelier.fr\/?s={search_term_string}"},"query-input":"required name=search_term_string"}],"inLanguage":"fr-FR"},{"@type":"Organization","@id":"https:\/\/socleatelier.fr\/#organization","name":"Socle Atelier","url":"https:\/\/socleatelier.fr\/","logo":{"@type":"ImageObject","inLanguage":"fr-FR","@id":"https:\/\/socleatelier.fr\/#\/schema\/logo\/image\/","url":"https:\/\/socleatelier.fr\/wp-content\/uploads\/2023\/07\/logo-rond-nb.png","contentUrl":"https:\/\/socleatelier.fr\/wp-content\/uploads\/2023\/07\/logo-rond-nb.png","width":386,"height":386,"caption":"Socle Atelier"},"image":{"@id":"https:\/\/socleatelier.fr\/#\/schema\/logo\/image\/"},"sameAs":["https:\/\/www.instagram.com\/socleatelier\/","https:\/\/www.linkedin.com\/company\/103561550\/admin\/feed\/posts\/"]}]}},"_links":{"self":[{"href":"https:\/\/socleatelier.fr\/index.php?rest_route=\/wp\/v2\/pages\/1491","targetHints":{"allow":["GET"]}}],"collection":[{"href":"https:\/\/socleatelier.fr\/index.php?rest_route=\/wp\/v2\/pages"}],"about":[{"href":"https:\/\/socleatelier.fr\/index.php?rest_route=\/wp\/v2\/types\/page"}],"author":[{"embeddable":true,"href":"https:\/\/socleatelier.fr\/index.php?rest_route=\/wp\/v2\/users\/1"}],"replies":[{"embeddable":true,"href":"https:\/\/socleatelier.fr\/index.php?rest_route=%2Fwp%2Fv2%2Fcomments&post=1491"}],"version-history":[{"count":68,"href":"https:\/\/socleatelier.fr\/index.php?rest_route=\/wp\/v2\/pages\/1491\/revisions"}],"predecessor-version":[{"id":2882,"href":"https:\/\/socleatelier.fr\/index.php?rest_route=\/wp\/v2\/pages\/1491\/revisions\/2882"}],"wp:attachment":[{"href":"https:\/\/socleatelier.fr\/index.php?rest_route=%2Fwp%2Fv2%2Fmedia&parent=1491"}],"curies":[{"name":"wp","href":"https:\/\/api.w.org\/{rel}","templated":true}]}}